{"id":89,"date":"2016-08-08T16:56:10","date_gmt":"2016-08-08T15:56:10","guid":{"rendered":"http:\/\/martinazzo.tfinfo.fr\/?page_id=89"},"modified":"2022-09-27T09:34:31","modified_gmt":"2022-09-27T08:34:31","slug":"mende-21","status":"publish","type":"page","link":"https:\/\/martinazzo.tfinfo.fr\/?page_id=89","title":{"rendered":"MENDE \u2013 21 route du Chapitre"},"content":{"rendered":"\n<div class=\"wp-block-image\"><figure class=\"aligncenter is-resized\"><img loading=\"lazy\" decoding=\"async\" src=\"http:\/\/martinazzo.tfinfo.fr\/wp-content\/uploads\/2022\/01\/mende-21-1024x1024.png\" alt=\"\" class=\"wp-image-572\" width=\"512\" height=\"512\" srcset=\"https:\/\/martinazzo.tfinfo.fr\/wp-content\/uploads\/2022\/01\/mende-21-1024x1024.png 1024w, https:\/\/martinazzo.tfinfo.fr\/wp-content\/uploads\/2022\/01\/mende-21-150x150.png 150w, https:\/\/martinazzo.tfinfo.fr\/wp-content\/uploads\/2022\/01\/mende-21-300x300.png 300w, https:\/\/martinazzo.tfinfo.fr\/wp-content\/uploads\/2022\/01\/mende-21-768x768.png 768w, https:\/\/martinazzo.tfinfo.fr\/wp-content\/uploads\/2022\/01\/mende-21.png 1080w\" sizes=\"(max-width: 512px) 100vw, 512px\" \/><\/figure><\/div>\n\n\n\n<pre class=\"wp-block-preformatted\"><a href=\"https:\/\/www.eldo.com\/pro\/ets_martinazzo_poele_cheminee_menuiserie_veranda\"><strong>\n<\/strong><iframe loading=\"lazy\" src=\"https:\/\/www.eldo.com\/iframe\/artisan\/102043\" frameborder=\"0\" height=\"100%\" width=\"100%\"><strong>&lt;<\/strong>\/a><\/iframe><\/a><\/pre>\n\n\n<div class=\"row border-bottom-gray expand\">\n<div class=\"col-md-6 col-sm-12\">\u00a0<\/div>\n<\/div>\n<p><div id=\"grid-gallery-4-44961\" data-gg-id=\"4\" data-title=\"MENDE 21\" data-grid-type=\"0\" data-offset=\"5.3\" data-area-position=\"center\" data-icons=\"\" data-preloader=\"true\" data-width=\"160\" data-height=\"160\" data-padding=\"0\" data-quicksand=\"disabled\" data-quicksand-duration=\"none\" data-popup-theme=\"theme_6\" data-popup-type=\"pretty-photo\" data-popup-image-text=\"title\" data-popup-widthsize=\"auto\" data-popup-heightsize=\"auto\" data-popup-i18n-words=\"{&quot;close&quot;:&quot;fermer&quot;,&quot;next&quot;:&quot;suivant&quot;,&quot;previous&quot;:&quot;pr\\u00e9c\\u00e9dent&quot;,&quot;start_slideshow&quot;:&quot;d\\u00e9marrer le diaporama&quot;,&quot;stop_slideshow&quot;:&quot;arr\\u00e9ter le diaporama&quot;,&quot;image&quot;:&quot;image&quot;,&quot;of&quot;:&quot;de&quot;,&quot;prev&quot;:&quot;pr\\u00e9c.&quot;,&quot;cExpand&quot;:&quot;Agrandir&quot;,&quot;cPrevious&quot;:&quot;Pr\\u00e9c\\u00e9dent&quot;,&quot;cNext&quot;:&quot;Suivant&quot;,&quot;cExpandStr&quot;:&quot;Agrandir l&#039;image&quot;,&quot;cRotate&quot;:&quot;Pivoter&quot;,&quot;cDetails&quot;:&quot;Details&quot;}\" data-popup-slideshow=\"false\" data-popup-slideshow-speed=\"2500\" data-popup-hoverstop=\"false\" data-popup-slideshow-auto=\"false\" data-popup-background=\"\" data-popup-transparency=\"30\" data-popup-disable-history=\"\" data-popup-disable-changed-url=\"\" data-popup-border-type=\"\" data-popup-border-color=\"\" data-popup-border-width=\"\" data-popup-border-enable=\"\" data-fullscreen=\"false\" data-hide-tooltip=\"false\" data-caption-font-family=\"Default\" data-caption-text-size=\"140\" data-is-mobile=\"0\" data-caption-mobile=\"false\" data-hide-long-tltp-title=\"0\" data-caption-disabled-on-mobile=\"false\" data-popup-placement-type=\"0\" data-social-sharing=\"{&quot;enabled&quot;:&quot;&quot;,&quot;gallerySharing&quot;:{&quot;enabled&quot;:null,&quot;position&quot;:null},&quot;imageSharing&quot;:{&quot;enabled&quot;:null,&quot;wrapperClass&quot;:&quot; vertical &quot;},&quot;popupSharing&quot;:{&quot;enabled&quot;:null,&quot;wrapperClass&quot;:&quot; vertical &quot;}}\" class=\"grid-gallery grid-gallery-fixed \" style=\" width:100%; height:auto; margin-left:auto; margin-right:auto;position:relative;\"> <div class=\"gallery-loading\"> <div class=\"blocks\"> <div class=\"block\"><\/div> <div class=\"block\"><\/div> <div class=\"block\"><\/div> <div class=\"block\"><\/div> <\/div> <\/div> <div class=\"gallery-sharing-top\" style=\"display:none;\"> <\/div> <div id=\"photos-4\" class=\"grid-gallery-photos\"><FIGURE class=\"grid-gallery-caption\" data-grid-gallery-type=\"quarter-slide-up\" data-index=\"0\" style=\"display:none;border-radius:00;; margin:5.3px; width:1600;\" ><div class=\"crop\" style=\" width:1600; height:1600; overflow:hidden;\"><img decoding=\"async\" src=\"http:\/\/martinazzo.tfinfo.fr\/wp-content\/uploads\/2016\/08\/Photo-Mende-Agences-g-min-160x160.jpg\" class=\"ggImg\" alt=\"Photo Mende Agences g-min\" title=\"Photo Mende Agences g-min\" data-description=\"Photo Mende Agences g-min\" data-caption=\"Photo Mende Agences g-min\" data-title=\"Photo Mende Agences g-min\" style=\" width:160px; height:160px;\" \/><\/div><FIGCAPTION class=\"\" data-alpha=\"5\" style=\"color:#ffffff; background-color:#6f0000; font-size:140; text-align:left; font-family:Default;\" ><div class=\"grid-gallery-figcaption-wrap\" style=\"\"><\/div><\/FIGCAPTION><\/FIGURE><FIGURE class=\"grid-gallery-caption\" data-grid-gallery-type=\"quarter-slide-up\" data-index=\"1\" style=\"display:none;border-radius:00;; margin:5.3px; width:1600;\" ><div class=\"crop\" style=\" width:1600; height:1600; overflow:hidden;\"><img decoding=\"async\" src=\"http:\/\/martinazzo.tfinfo.fr\/wp-content\/uploads\/2016\/08\/Photo-Mende-Agences-k-min-160x160.jpg\" class=\"ggImg\" alt=\"Photo Mende Agences k-min\" title=\"Photo Mende Agences k-min\" data-description=\"Photo Mende Agences k-min\" data-caption=\"Photo Mende Agences k-min\" data-title=\"Photo Mende Agences k-min\" style=\" width:160px; height:160px;\" \/><\/div><FIGCAPTION class=\"\" data-alpha=\"5\" style=\"color:#ffffff; background-color:#6f0000; font-size:140; text-align:left; font-family:Default;\" ><div class=\"grid-gallery-figcaption-wrap\" style=\"\"><\/div><\/FIGCAPTION><\/FIGURE><FIGURE class=\"grid-gallery-caption\" data-grid-gallery-type=\"quarter-slide-up\" data-index=\"2\" style=\"display:none;border-radius:00;; margin:5.3px; width:1600;\" ><div class=\"crop\" style=\" width:1600; height:1600; overflow:hidden;\"><img decoding=\"async\" src=\"http:\/\/martinazzo.tfinfo.fr\/wp-content\/uploads\/2016\/08\/Photo-Mende-Agences-m-min-160x160.jpg\" class=\"ggImg\" alt=\"Photo Mende Agences m-min\" title=\"Photo Mende Agences m-min\" data-description=\"Photo Mende Agences m-min\" data-caption=\"Photo Mende Agences m-min\" data-title=\"Photo Mende Agences m-min\" style=\" width:160px; height:160px;\" \/><\/div><FIGCAPTION class=\"\" data-alpha=\"5\" style=\"color:#ffffff; background-color:#6f0000; font-size:140; text-align:left; font-family:Default;\" ><div class=\"grid-gallery-figcaption-wrap\" style=\"\"><\/div><\/FIGCAPTION><\/FIGURE><FIGURE class=\"grid-gallery-caption\" data-grid-gallery-type=\"quarter-slide-up\" data-index=\"3\" style=\"display:none;border-radius:00;; margin:5.3px; width:1600;\" ><div class=\"crop\" style=\" width:1600; height:1600; overflow:hidden;\"><img decoding=\"async\" src=\"http:\/\/martinazzo.tfinfo.fr\/wp-content\/uploads\/2016\/08\/Photo-Mende-Agences-b-min-160x160.jpg\" class=\"ggImg\" alt=\"Photo Mende Agences b-min\" title=\"Photo Mende Agences b-min\" data-description=\"Photo Mende Agences b-min\" data-caption=\"Photo Mende Agences b-min\" data-title=\"Photo Mende Agences b-min\" style=\" width:160px; height:160px;\" \/><\/div><FIGCAPTION class=\"\" data-alpha=\"5\" style=\"color:#ffffff; background-color:#6f0000; font-size:140; text-align:left; font-family:Default;\" ><div class=\"grid-gallery-figcaption-wrap\" style=\"\"><\/div><\/FIGCAPTION><\/FIGURE><FIGURE class=\"grid-gallery-caption\" data-grid-gallery-type=\"quarter-slide-up\" data-index=\"4\" style=\"display:none;border-radius:00;; margin:5.3px; width:1600;\" ><div class=\"crop\" style=\" width:1600; height:1600; overflow:hidden;\"><img decoding=\"async\" src=\"http:\/\/martinazzo.tfinfo.fr\/wp-content\/uploads\/2016\/08\/Photo-Mende-agences-d-min-160x160.jpg\" class=\"ggImg\" alt=\"Photo Mende agences d-min\" title=\"Photo Mende agences d-min\" data-description=\"Photo Mende agences d-min\" data-caption=\"Photo Mende agences d-min\" data-title=\"Photo Mende agences d-min\" style=\" width:160px; height:160px;\" \/><\/div><FIGCAPTION class=\"\" data-alpha=\"5\" style=\"color:#ffffff; background-color:#6f0000; font-size:140; text-align:left; font-family:Default;\" ><div class=\"grid-gallery-figcaption-wrap\" style=\"\"><\/div><\/FIGCAPTION><\/FIGURE><FIGURE class=\"grid-gallery-caption\" data-grid-gallery-type=\"quarter-slide-up\" data-index=\"5\" style=\"display:none;border-radius:00;; margin:5.3px; width:1600;\" ><div class=\"crop\" style=\" width:1600; height:1600; overflow:hidden;\"><img decoding=\"async\" src=\"http:\/\/martinazzo.tfinfo.fr\/wp-content\/uploads\/2016\/08\/Photo-Mende-agences-e-min-160x160.jpg\" class=\"ggImg\" alt=\"Photo Mende agences e-min\" title=\"Photo Mende agences e-min\" data-description=\"Photo Mende agences e-min\" data-caption=\"Photo Mende agences e-min\" data-title=\"Photo Mende agences e-min\" style=\" width:160px; height:160px;\" \/><\/div><FIGCAPTION class=\"\" data-alpha=\"5\" style=\"color:#ffffff; background-color:#6f0000; font-size:140; text-align:left; font-family:Default;\" ><div class=\"grid-gallery-figcaption-wrap\" style=\"\"><\/div><\/FIGCAPTION><\/FIGURE><FIGURE class=\"grid-gallery-caption\" data-grid-gallery-type=\"quarter-slide-up\" data-index=\"6\" style=\"display:none;border-radius:00;; margin:5.3px; width:1600;\" ><div class=\"crop\" style=\" width:1600; height:1600; overflow:hidden;\"><img decoding=\"async\" src=\"http:\/\/martinazzo.tfinfo.fr\/wp-content\/uploads\/2019\/07\/IMG_20190619_151548-160x160.jpg\" class=\"ggImg\" alt=\"IMG_20190619_151548\" title=\"IMG_20190619_151548\" data-description=\"IMG_20190619_151548\" data-caption=\"IMG_20190619_151548\" data-title=\"IMG_20190619_151548\" style=\" width:160px; height:160px;\" \/><\/div><FIGCAPTION class=\"\" data-alpha=\"5\" style=\"color:#ffffff; background-color:#6f0000; font-size:140; text-align:left; font-family:Default;\" ><div class=\"grid-gallery-figcaption-wrap\" style=\"\"><\/div><\/FIGCAPTION><\/FIGURE><FIGURE class=\"grid-gallery-caption\" data-grid-gallery-type=\"quarter-slide-up\" data-index=\"7\" style=\"display:none;border-radius:00;; margin:5.3px; width:1600;\" ><div class=\"crop\" style=\" width:1600; height:1600; overflow:hidden;\"><img decoding=\"async\" src=\"http:\/\/martinazzo.tfinfo.fr\/wp-content\/uploads\/2019\/07\/IMG_20190619_151650-160x160.jpg\" class=\"ggImg\" alt=\"IMG_20190619_151650\" title=\"IMG_20190619_151650\" data-description=\"IMG_20190619_151650\" data-caption=\"IMG_20190619_151650\" data-title=\"IMG_20190619_151650\" style=\" width:160px; height:160px;\" \/><\/div><FIGCAPTION class=\"\" data-alpha=\"5\" style=\"color:#ffffff; background-color:#6f0000; font-size:140; text-align:left; font-family:Default;\" ><div class=\"grid-gallery-figcaption-wrap\" style=\"\"><\/div><\/FIGCAPTION><\/FIGURE><FIGURE class=\"grid-gallery-caption\" data-grid-gallery-type=\"quarter-slide-up\" data-index=\"8\" style=\"display:none;border-radius:00;; margin:5.3px; width:1600;\" ><div class=\"crop\" style=\" width:1600; height:1600; overflow:hidden;\"><img decoding=\"async\" src=\"http:\/\/martinazzo.tfinfo.fr\/wp-content\/uploads\/2019\/07\/IMG_20190619_151710-160x160.jpg\" class=\"ggImg\" alt=\"IMG_20190619_151710\" title=\"IMG_20190619_151710\" data-description=\"IMG_20190619_151710\" data-caption=\"IMG_20190619_151710\" data-title=\"IMG_20190619_151710\" style=\" width:160px; height:160px;\" \/><\/div><FIGCAPTION class=\"\" data-alpha=\"5\" style=\"color:#ffffff; background-color:#6f0000; font-size:140; text-align:left; font-family:Default;\" ><div class=\"grid-gallery-figcaption-wrap\" style=\"\"><\/div><\/FIGCAPTION><\/FIGURE><FIGURE class=\"grid-gallery-caption\" data-grid-gallery-type=\"quarter-slide-up\" data-index=\"9\" style=\"display:none;border-radius:00;; margin:5.3px; width:1600;\" ><div class=\"crop\" style=\" width:1600; height:1600; overflow:hidden;\"><img decoding=\"async\" src=\"http:\/\/martinazzo.tfinfo.fr\/wp-content\/uploads\/2019\/07\/IMG_20190619_153509-160x160.jpg\" class=\"ggImg\" alt=\"IMG_20190619_153509\" title=\"IMG_20190619_153509\" data-description=\"IMG_20190619_153509\" data-caption=\"IMG_20190619_153509\" data-title=\"IMG_20190619_153509\" style=\" width:160px; height:160px;\" \/><\/div><FIGCAPTION class=\"\" data-alpha=\"5\" style=\"color:#ffffff; background-color:#6f0000; font-size:140; text-align:left; font-family:Default;\" ><div class=\"grid-gallery-figcaption-wrap\" style=\"\"><\/div><\/FIGCAPTION><\/FIGURE><FIGURE class=\"grid-gallery-caption\" data-grid-gallery-type=\"quarter-slide-up\" data-index=\"10\" style=\"display:none;border-radius:00;; margin:5.3px; width:1600;\" ><div class=\"crop\" style=\" width:1600; height:1600; overflow:hidden;\"><img decoding=\"async\" src=\"http:\/\/martinazzo.tfinfo.fr\/wp-content\/uploads\/2019\/07\/IMG_20190619_153545-160x160.jpg\" class=\"ggImg\" alt=\"IMG_20190619_153545\" title=\"IMG_20190619_153545\" data-description=\"IMG_20190619_153545\" data-caption=\"IMG_20190619_153545\" data-title=\"IMG_20190619_153545\" style=\" width:160px; height:160px;\" \/><\/div><FIGCAPTION class=\"\" data-alpha=\"5\" style=\"color:#ffffff; background-color:#6f0000; font-size:140; text-align:left; font-family:Default;\" ><div class=\"grid-gallery-figcaption-wrap\" style=\"\"><\/div><\/FIGCAPTION><\/FIGURE><FIGURE class=\"grid-gallery-caption\" data-grid-gallery-type=\"quarter-slide-up\" data-index=\"11\" style=\"display:none;border-radius:00;; margin:5.3px; width:1600;\" ><div class=\"crop\" style=\" width:1600; height:1600; overflow:hidden;\"><img decoding=\"async\" src=\"http:\/\/martinazzo.tfinfo.fr\/wp-content\/uploads\/2019\/07\/IMG_20190619_153702-160x160.jpg\" class=\"ggImg\" alt=\"IMG_20190619_153702\" title=\"IMG_20190619_153702\" data-description=\"IMG_20190619_153702\" data-caption=\"IMG_20190619_153702\" data-title=\"IMG_20190619_153702\" style=\" width:160px; height:160px;\" \/><\/div><FIGCAPTION class=\"\" data-alpha=\"5\" style=\"color:#ffffff; background-color:#6f0000; font-size:140; text-align:left; font-family:Default;\" ><div class=\"grid-gallery-figcaption-wrap\" style=\"\"><\/div><\/FIGCAPTION><\/FIGURE><FIGURE class=\"grid-gallery-caption\" data-grid-gallery-type=\"quarter-slide-up\" data-index=\"12\" style=\"display:none;border-radius:00;; margin:5.3px; width:1600;\" ><div class=\"crop\" style=\" width:1600; height:1600; overflow:hidden;\"><img decoding=\"async\" src=\"http:\/\/martinazzo.tfinfo.fr\/wp-content\/uploads\/2019\/07\/IMG_20190619_153730-160x160.jpg\" class=\"ggImg\" alt=\"IMG_20190619_153730\" title=\"IMG_20190619_153730\" data-description=\"IMG_20190619_153730\" data-caption=\"IMG_20190619_153730\" data-title=\"IMG_20190619_153730\" style=\" width:160px; height:160px;\" \/><\/div><FIGCAPTION class=\"\" data-alpha=\"5\" style=\"color:#ffffff; background-color:#6f0000; font-size:140; text-align:left; font-family:Default;\" ><div class=\"grid-gallery-figcaption-wrap\" style=\"\"><\/div><\/FIGCAPTION><\/FIGURE><FIGURE class=\"grid-gallery-caption\" data-grid-gallery-type=\"quarter-slide-up\" data-index=\"13\" style=\"display:none;border-radius:00;; margin:5.3px; width:1600;\" ><div class=\"crop\" style=\" width:1600; height:1600; overflow:hidden;\"><img decoding=\"async\" src=\"http:\/\/martinazzo.tfinfo.fr\/wp-content\/uploads\/2019\/07\/IMG_20190619_153843-160x160.jpg\" class=\"ggImg\" alt=\"IMG_20190619_153843\" title=\"IMG_20190619_153843\" data-description=\"IMG_20190619_153843\" data-caption=\"IMG_20190619_153843\" data-title=\"IMG_20190619_153843\" style=\" width:160px; height:160px;\" \/><\/div><FIGCAPTION class=\"\" data-alpha=\"5\" style=\"color:#ffffff; background-color:#6f0000; font-size:140; text-align:left; font-family:Default;\" ><div class=\"grid-gallery-figcaption-wrap\" style=\"\"><\/div><\/FIGCAPTION><\/FIGURE> <div class=\"grid-gallery-clearfix\"><\/div> <\/div> <div class=\"gallery-sharing-bottom\" style=\"display:none;\"> <\/div> <div class=\"gallery-sharing-image\" style=\"display:none;\"> <\/div> <div class=\"gallery-sharing-popup\" style=\"display:none;\"> <\/div> <div class=\"grid-gallery-clearfix\"><\/div> <\/div> <!-- Gallery by Supsystic plugin1.15.24 --><a title=\"WordPress Image Gallery Plugin\" style=\"display:none;\" href=\"https:\/\/supsystic.com\/plugins\/photo-gallery\/?utm_medium=love_link\" target=\"_blank\">WordPress Image Gallery Plugin<\/a>L&rsquo;<strong>Entreprise Martinazzo<\/strong> vous propose une large gamme de po\u00eales, inserts et chemin\u00e9es, v\u00e9randas, menuiseries.<\/p>\n<p>Toute l&rsquo;\u00e9quipe est \u00e0 votre disposition pour vous conseiller et mener \u00e0 bien votre projet.<\/p>","protected":false},"excerpt":{"rendered":"<p>&lt;\/a> \u00a0 L&rsquo;Entreprise Martinazzo vous propose une large gamme de po\u00eales, inserts et chemin\u00e9es, v\u00e9randas, menuiseries. Toute l&rsquo;\u00e9quipe est \u00e0 votre disposition pour vous conseiller et mener \u00e0 bien votre projet.<\/p>\n","protected":false},"author":1,"featured_media":0,"parent":0,"menu_order":0,"comment_status":"closed","ping_status":"closed","template":"","meta":{"footnotes":""},"class_list":["post-89","page","type-page","status-publish","hentry"],"_links":{"self":[{"href":"https:\/\/martinazzo.tfinfo.fr\/index.php?rest_route=\/wp\/v2\/pages\/89"}],"collection":[{"href":"https:\/\/martinazzo.tfinfo.fr\/index.php?rest_route=\/wp\/v2\/pages"}],"about":[{"href":"https:\/\/martinazzo.tfinfo.fr\/index.php?rest_route=\/wp\/v2\/types\/page"}],"author":[{"embeddable":true,"href":"https:\/\/martinazzo.tfinfo.fr\/index.php?rest_route=\/wp\/v2\/users\/1"}],"replies":[{"embeddable":true,"href":"https:\/\/martinazzo.tfinfo.fr\/index.php?rest_route=%2Fwp%2Fv2%2Fcomments&post=89"}],"version-history":[{"count":31,"href":"https:\/\/martinazzo.tfinfo.fr\/index.php?rest_route=\/wp\/v2\/pages\/89\/revisions"}],"predecessor-version":[{"id":668,"href":"https:\/\/martinazzo.tfinfo.fr\/index.php?rest_route=\/wp\/v2\/pages\/89\/revisions\/668"}],"wp:attachment":[{"href":"https:\/\/martinazzo.tfinfo.fr\/index.php?rest_route=%2Fwp%2Fv2%2Fmedia&parent=89"}],"curies":[{"name":"wp","href":"https:\/\/api.w.org\/{rel}","templated":true}]}}